{"id":428,"date":"2025-07-31T09:07:05","date_gmt":"2025-07-31T09:07:05","guid":{"rendered":"https:\/\/salimagroup.com\/?page_id=428"},"modified":"2026-02-14T09:02:57","modified_gmt":"2026-02-14T09:02:57","slug":"carrieres","status":"publish","type":"page","link":"https:\/\/salimagroup.com\/index.php\/carrieres\/","title":{"rendered":"Espace formateurs"},"content":{"rendered":"\t\t<div data-elementor-type=\"wp-page\" data-elementor-id=\"428\" class=\"elementor elementor-428\">\n\t\t\t\t<div class=\"elementor-element elementor-element-18c100f envato-kit-141-top-0 e-flex e-con-boxed wpr-particle-no wpr-jarallax-no wpr-parallax-no wpr-sticky-section-no e-con e-parent\" data-id=\"18c100f\" data-element_type=\"container\" data-settings=\"{&quot;background_background&quot;:&quot;classic&quot;}\">\n\t\t\t\t\t<div class=\"e-con-inner\">\n\t\t<div class=\"elementor-element elementor-element-c311d57 e-con-full e-flex wpr-particle-no wpr-jarallax-no wpr-parallax-no wpr-sticky-section-no elementor-invisible e-con e-child\" data-id=\"c311d57\" data-element_type=\"container\" data-settings=\"{&quot;animation&quot;:&quot;fadeInLeft&quot;,&quot;background_background&quot;:&quot;slideshow&quot;,&quot;background_slideshow_gallery&quot;:[{&quot;id&quot;:1134,&quot;url&quot;:&quot;https:\\\/\\\/salimagroup.com\\\/wp-content\\\/uploads\\\/2026\\\/02\\\/collegues-travaillant-ensemble-sur-le-projet-1-1-1-1-1.webp&quot;}],&quot;background_slideshow_loop&quot;:&quot;yes&quot;,&quot;background_slideshow_slide_duration&quot;:5000,&quot;background_slideshow_slide_transition&quot;:&quot;fade&quot;,&quot;background_slideshow_transition_duration&quot;:500}\">\n\t\t\t\t<div class=\"elementor-element elementor-element-0a5d85d elementor-widget elementor-widget-image\" data-id=\"0a5d85d\" data-element_type=\"widget\" data-widget_type=\"image.default\">\n\t\t\t\t\t\t\t\t\t\t\t\t\t\t\t<img decoding=\"async\" width=\"1\" height=\"1\" src=\"https:\/\/salimagroup.com\/wp-content\/uploads\/2026\/02\/collegues-travaillant-ensemble-sur-le-projet-1-1-1-1-1.webp\" class=\"attachment-1536x1536 size-1536x1536 wp-image-1134\" alt=\"\" \/>\t\t\t\t\t\t\t\t\t\t\t\t\t\t\t<\/div>\n\t\t\t\t<\/div>\n\t\t<div class=\"elementor-element elementor-element-c429adc e-con-full e-flex wpr-particle-no wpr-jarallax-no wpr-parallax-no wpr-sticky-section-no elementor-invisible e-con e-child\" data-id=\"c429adc\" data-element_type=\"container\" data-settings=\"{&quot;animation&quot;:&quot;fadeInRight&quot;}\">\n\t\t\t\t<div class=\"elementor-element elementor-element-90fd307 e-transform elementor-widget elementor-widget-boosted-elements-logog\" data-id=\"90fd307\" data-element_type=\"widget\" data-settings=\"{&quot;_transform_scale_effect_hover&quot;:{&quot;unit&quot;:&quot;px&quot;,&quot;size&quot;:1.01,&quot;sizes&quot;:[]},&quot;_transform_scale_effect_hover_tablet&quot;:{&quot;unit&quot;:&quot;px&quot;,&quot;size&quot;:&quot;&quot;,&quot;sizes&quot;:[]},&quot;_transform_scale_effect_hover_mobile&quot;:{&quot;unit&quot;:&quot;px&quot;,&quot;size&quot;:&quot;&quot;,&quot;sizes&quot;:[]}}\" data-widget_type=\"boosted-elements-logog.default\">\n\t\t\t\t<div class=\"elementor-widget-container\">\n\t\t\t\t\t    \n\t<div class=\"boosted-elements-logo-container\">\n \n                            <a href=\"https:\/\/salimagroup.com\/\" title=\"Salima Group\" rel=\"home\">                                        \n            \n                            \n\t\t\t\t\t\t\t\t<img decoding=\"async\" src=\"https:\/\/salimagroup.com\/wp-content\/uploads\/2025\/09\/WhatsApp-Image-2025-09-24-at-5.42.57-PM-1.jpeg\" alt=\"Salima Group\">\n                \n                        \n            \n            <\/a>            \n        \n\t<\/div><!-- close .boosted-elements-logo-container -->\n\t\n\t\n\t\t\t\t\t<\/div>\n\t\t\t\t<\/div>\n\t\t\t\t<div class=\"elementor-element elementor-element-ef70837 e-transform elementor-invisible elementor-widget elementor-widget-heading\" data-id=\"ef70837\" data-element_type=\"widget\" data-settings=\"{&quot;_animation&quot;:&quot;fadeIn&quot;,&quot;_animation_delay&quot;:100,&quot;_transform_scale_effect_hover&quot;:{&quot;unit&quot;:&quot;px&quot;,&quot;size&quot;:1.01,&quot;sizes&quot;:[]},&quot;_transform_scale_effect_hover_tablet&quot;:{&quot;unit&quot;:&quot;px&quot;,&quot;size&quot;:&quot;&quot;,&quot;sizes&quot;:[]},&quot;_transform_scale_effect_hover_mobile&quot;:{&quot;unit&quot;:&quot;px&quot;,&quot;size&quot;:&quot;&quot;,&quot;sizes&quot;:[]}}\" data-widget_type=\"heading.default\">\n\t\t\t\t\t<h2 class=\"elementor-heading-title elementor-size-default\">Rejoignez notre \u00e9quipe de formateurs<\/h2>\t\t\t\t<\/div>\n\t\t\t\t<div class=\"elementor-element elementor-element-23895eb e-transform elementor-widget-divider--view-line elementor-invisible elementor-widget elementor-widget-divider\" data-id=\"23895eb\" data-element_type=\"widget\" data-settings=\"{&quot;_animation&quot;:&quot;fadeIn&quot;,&quot;_animation_delay&quot;:150,&quot;_transform_scale_effect_hover&quot;:{&quot;unit&quot;:&quot;px&quot;,&quot;size&quot;:1.01,&quot;sizes&quot;:[]},&quot;_transform_scale_effect_hover_tablet&quot;:{&quot;unit&quot;:&quot;px&quot;,&quot;size&quot;:&quot;&quot;,&quot;sizes&quot;:[]},&quot;_transform_scale_effect_hover_mobile&quot;:{&quot;unit&quot;:&quot;px&quot;,&quot;size&quot;:&quot;&quot;,&quot;sizes&quot;:[]}}\" data-widget_type=\"divider.default\">\n\t\t\t\t\t\t\t<div class=\"elementor-divider\">\n\t\t\t<span class=\"elementor-divider-separator\">\n\t\t\t\t\t\t<\/span>\n\t\t<\/div>\n\t\t\t\t\t\t<\/div>\n\t\t\t\t<div class=\"elementor-element elementor-element-f4d8587 e-transform elementor-invisible elementor-widget elementor-widget-heading\" data-id=\"f4d8587\" data-element_type=\"widget\" data-settings=\"{&quot;_animation&quot;:&quot;fadeIn&quot;,&quot;_animation_delay&quot;:200,&quot;_transform_scale_effect_hover&quot;:{&quot;unit&quot;:&quot;px&quot;,&quot;size&quot;:1.01,&quot;sizes&quot;:[]},&quot;_transform_scale_effect_hover_tablet&quot;:{&quot;unit&quot;:&quot;px&quot;,&quot;size&quot;:&quot;&quot;,&quot;sizes&quot;:[]},&quot;_transform_scale_effect_hover_mobile&quot;:{&quot;unit&quot;:&quot;px&quot;,&quot;size&quot;:&quot;&quot;,&quot;sizes&quot;:[]}}\" data-widget_type=\"heading.default\">\n\t\t\t\t\t<h2 class=\"elementor-heading-title elementor-size-default\">Construisez plus qu\u2019un m\u00e9tier. B\u00e2tissez un impact.<\/h2>\t\t\t\t<\/div>\n\t\t\t\t<div class=\"elementor-element elementor-element-874d40a e-transform elementor-invisible elementor-widget elementor-widget-text-editor\" data-id=\"874d40a\" data-element_type=\"widget\" data-settings=\"{&quot;_animation&quot;:&quot;fadeIn&quot;,&quot;_animation_delay&quot;:250,&quot;_transform_scale_effect_hover&quot;:{&quot;unit&quot;:&quot;px&quot;,&quot;size&quot;:1.01,&quot;sizes&quot;:[]},&quot;_transform_scale_effect_hover_tablet&quot;:{&quot;unit&quot;:&quot;px&quot;,&quot;size&quot;:&quot;&quot;,&quot;sizes&quot;:[]},&quot;_transform_scale_effect_hover_mobile&quot;:{&quot;unit&quot;:&quot;px&quot;,&quot;size&quot;:&quot;&quot;,&quot;sizes&quot;:[]}}\" data-widget_type=\"text-editor.default\">\n\t\t\t\t\t\t\t\t\t<p data-start=\"0\" data-end=\"268\">Chez <strong data-start=\"34\" data-end=\"50\">Salima Group<\/strong>, nous croyons que <strong data-start=\"69\" data-end=\"108\" data-is-only-node=\"\">notre force r\u00e9side dans nos talents<\/strong>. Int\u00e9grer notre \u00e9quipe, c\u2019est participer \u00e0 <strong data-start=\"152\" data-end=\"176\">une aventure humaine<\/strong> o\u00f9 <strong data-start=\"180\" data-end=\"196\">l\u2019excellence<\/strong>, <strong data-start=\"198\" data-end=\"214\">l\u2019innovation<\/strong> et <strong data-start=\"218\" data-end=\"234\">l\u2019engagement<\/strong> sont au c\u0153ur de chaque mission.<\/p><p data-start=\"270\" data-end=\"425\">Nous recherchons des <strong data-start=\"291\" data-end=\"320\">professionnels passionn\u00e9s<\/strong>, anim\u00e9s par la volont\u00e9 de contribuer au changement, de cr\u00e9er de la valeur et de faire<br \/>progresser nos projets vers l\u2019excellence.\u00a0<\/p><p data-start=\"427\" data-end=\"586\">Si vous aspirez \u00e0 \u00e9voluer dans <strong data-start=\"458\" data-end=\"488\">un environnement stimulant<\/strong>, o\u00f9 chaque comp\u00e9tence est valoris\u00e9e et chaque id\u00e9e compte, <strong data-start=\"548\" data-end=\"583\">Salima Group est fait pour vous<\/strong>.<\/p><p data-start=\"588\" data-end=\"650\" data-is-last-node=\"\" data-is-only-node=\"\">Ensemble, <strong data-start=\"598\" data-end=\"649\">construisons l\u2019avenir de la performance durable<\/strong>.<\/p>\t\t\t\t\t\t\t\t<\/div>\n\t\t\t\t<div class=\"elementor-element elementor-element-986709d elementor-mobile-align-justify e-transform elementor-invisible elementor-widget elementor-widget-button\" data-id=\"986709d\" data-element_type=\"widget\" data-settings=\"{&quot;_animation&quot;:&quot;fadeIn&quot;,&quot;_animation_delay&quot;:300,&quot;_transform_scale_effect_hover&quot;:{&quot;unit&quot;:&quot;px&quot;,&quot;size&quot;:1.01,&quot;sizes&quot;:[]},&quot;_transform_scale_effect_hover_tablet&quot;:{&quot;unit&quot;:&quot;px&quot;,&quot;size&quot;:&quot;&quot;,&quot;sizes&quot;:[]},&quot;_transform_scale_effect_hover_mobile&quot;:{&quot;unit&quot;:&quot;px&quot;,&quot;size&quot;:&quot;&quot;,&quot;sizes&quot;:[]}}\" data-widget_type=\"button.default\">\n\t\t\t\t\t\t\t\t\t\t<a class=\"elementor-button elementor-button-link elementor-size-md\" href=\"https:\/\/salimagroup.com\/index.php\/contactez-nous\/\">\n\t\t\t\t\t\t<span class=\"elementor-button-content-wrapper\">\n\t\t\t\t\t\t<span class=\"elementor-button-icon\">\n\t\t\t\t<svg aria-hidden=\"true\" class=\"e-font-icon-svg e-fas-play-circle\" viewBox=\"0 0 512 512\" xmlns=\"http:\/\/www.w3.org\/2000\/svg\"><path d=\"M256 8C119 8 8 119 8 256s111 248 248 248 248-111 248-248S393 8 256 8zm115.7 272l-176 101c-15.8 8.8-35.7-2.5-35.7-21V152c0-18.4 19.8-29.8 35.7-21l176 107c16.4 9.2 16.4 32.9 0 42z\"><\/path><\/svg>\t\t\t<\/span>\n\t\t\t\t\t\t\t\t\t<span class=\"elementor-button-text\"> postuler<\/span>\n\t\t\t\t\t<\/span>\n\t\t\t\t\t<\/a>\n\t\t\t\t\t\t\t\t<\/div>\n\t\t\t\t<\/div>\n\t\t\t\t\t<\/div>\n\t\t\t\t<\/div>\n\t\t\t\t<section class=\"elementor-section elementor-top-section elementor-element elementor-element-b38591a elementor-section-boxed elementor-section-height-default elementor-section-height-default wpr-particle-no wpr-jarallax-no wpr-parallax-no wpr-sticky-section-no\" data-id=\"b38591a\" data-element_type=\"section\">\n\t\t\t\t\t\t<div class=\"elementor-container elementor-column-gap-default\">\n\t\t\t\t\t<div class=\"elementor-column elementor-col-50 elementor-top-column elementor-element elementor-element-fdc6362\" data-id=\"fdc6362\" data-element_type=\"column\">\n\t\t\t<div class=\"elementor-widget-wrap elementor-element-populated\">\n\t\t\t\t\t\t<div class=\"elementor-element elementor-element-02ee6c9 elementor-widget elementor-widget-heading\" data-id=\"02ee6c9\" data-element_type=\"widget\" data-widget_type=\"heading.default\">\n\t\t\t\t\t<h2 class=\"elementor-heading-title elementor-size-default\">Rejoignez-nous d\u00e8s aujourd\u2019hui<\/h2>\t\t\t\t<\/div>\n\t\t\t\t<div class=\"elementor-element elementor-element-a49be0b elementor-widget elementor-widget-heading\" data-id=\"a49be0b\" data-element_type=\"widget\" data-widget_type=\"heading.default\">\n\t\t\t\t\t<h5 class=\"elementor-heading-title elementor-size-default\">Aucun talent n\u2019est trop petit pour grandir avec nous.<\/h5>\t\t\t\t<\/div>\n\t\t\t\t<div class=\"elementor-element elementor-element-453885c elementor-widget elementor-widget-boosted-elements-contact-form\" data-id=\"453885c\" data-element_type=\"widget\" data-widget_type=\"boosted-elements-contact-form.default\">\n\t\t\t\t<div class=\"elementor-widget-container\">\n\t\t\t\t\t\t\n\t\n\t\t\t<div class=\"boosted-elements-progression-contact-form-container\">\t\t\n\t\t\t\n<div class=\"wpcf7 no-js\" id=\"wpcf7-f317-o1\" lang=\"en-US\" dir=\"ltr\" data-wpcf7-id=\"317\">\n<div class=\"screen-reader-response\"><p role=\"status\" aria-live=\"polite\" aria-atomic=\"true\"><\/p> <ul><\/ul><\/div>\n<form action=\"\/index.php\/wp-json\/wp\/v2\/pages\/428#wpcf7-f317-o1\" method=\"post\" class=\"wpcf7-form init\" aria-label=\"Contact form\" enctype=\"multipart\/form-data\" novalidate=\"novalidate\" data-status=\"init\">\n<fieldset class=\"hidden-fields-container\"><input type=\"hidden\" name=\"_wpcf7\" value=\"317\" \/><input type=\"hidden\" name=\"_wpcf7_version\" value=\"6.1\" \/><input type=\"hidden\" name=\"_wpcf7_locale\" value=\"en_US\" \/><input type=\"hidden\" name=\"_wpcf7_unit_tag\" value=\"wpcf7-f317-o1\" \/><input type=\"hidden\" name=\"_wpcf7_container_post\" value=\"0\" \/><input type=\"hidden\" name=\"_wpcf7_posted_data_hash\" value=\"\" \/>\n<\/fieldset>\n<style>\n\/* Form wrapper *\/\n.contact-form-wrapper {\n max-width: 700px;\n margin: 40px auto;\n padding: 25px;\n background: #f9f9f9;\n border-radius: 12px;\n box-shadow: 0 6px 20px rgba(0,0,0,0.1);\n font-family: 'Poppins', sans-serif;\n}\n\n\/* Form fields *\/\n.contact-form-wrapper p {\n margin-bottom: 20px;\n}\n\n.contact-form-wrapper input[type=\"text\"],\n.contact-form-wrapper input[type=\"email\"],\n.contact-form-wrapper select,\n.contact-form-wrapper textarea,\n.contact-form-wrapper input[type=\"file\"] {\n width: 100%;\n padding: 12px 15px;\n border: 1px solid #ddd;\n border-radius: 8px;\n font-size: 16px;\n transition: border-color 0.3s;\n}\n\n.contact-form-wrapper input:focus,\n.contact-form-wrapper select:focus,\n.contact-form-wrapper textarea:focus,\n.contact-form-wrapper input[type=\"file\"]:focus {\n border-color: #FCAA23;\n outline: none;\n}\n\n\/* Placeholder styling *\/\n.contact-form-wrapper ::placeholder {\n color: #aaa;\n font-style: italic;\n}\n\n\/* Textarea styling *\/\n.contact-form-wrapper textarea {\n min-height: 120px;\n resize: vertical;\n}\n\n\/* Submit button *\/\n.contact-form-wrapper input[type=\"submit\"] {\n background: #FCAA23;\n color: #fff;\n font-size: 18px;\n font-weight: 600;\n padding: 12px 25px;\n border: none;\n border-radius: 8px;\n cursor: pointer;\n transition: background 0.3s;\n}\n\n.contact-form-wrapper input[type=\"submit\"]:hover {\n background: #e6951b;\n}\n\n\/* Responsive *\/\n@media (max-width: 768px) {\n .contact-form-wrapper {\n padding: 20px;\n }\n}\n<\/style>\n<div class=\"contact-form-wrapper\">\n\t<p><span class=\"wpcf7-form-control-wrap\" data-name=\"your-name\"><input size=\"40\" maxlength=\"400\" class=\"wpcf7-form-control wpcf7-text wpcf7-validates-as-required\" aria-required=\"true\" aria-invalid=\"false\" placeholder=\"Ex : Jean Dupont\" value=\"\" type=\"text\" name=\"your-name\" \/><\/span>\n\t<\/p>\n\t<p><span class=\"wpcf7-form-control-wrap\" data-name=\"your-email\"><input size=\"40\" maxlength=\"400\" class=\"wpcf7-form-control wpcf7-email wpcf7-validates-as-required wpcf7-text wpcf7-validates-as-email\" aria-required=\"true\" aria-invalid=\"false\" placeholder=\"Ex : jean.dupont@email.com\" value=\"\" type=\"email\" name=\"your-email\" \/><\/span>\n\t<\/p>\n\n <!-- S\u00e9lecteur de th\u00e8me d\u2019expertise -->\n\t<p><span class=\"wpcf7-form-control-wrap\" data-name=\"expertise\"><select class=\"wpcf7-form-control wpcf7-select wpcf7-validates-as-required\" aria-required=\"true\" aria-invalid=\"false\" name=\"expertise\"><option value=\"\">S\u00e9lectionnez votre domaine d\u2019expertise<\/option><option value=\"Formation professionnelle\">Formation professionnelle<\/option><option value=\"S\u00e9curit\u00e9 &amp; \u00c9tudes Techniques\">S\u00e9curit\u00e9 &amp; \u00c9tudes Techniques<\/option><option value=\"Environnement\">Environnement<\/option><option value=\"Conseil &amp; Consulting\">Conseil &amp; Consulting<\/option><option value=\"\u00c9tablissements class\u00e9s\">\u00c9tablissements class\u00e9s<\/option><option value=\"Ing\u00e9nierie de s\u00e9curit\u00e9\">Ing\u00e9nierie de s\u00e9curit\u00e9<\/option><option value=\"\u00c9quipements de s\u00e9curit\u00e9\">\u00c9quipements de s\u00e9curit\u00e9<\/option><option value=\"Audit &amp; conformit\u00e9\">Audit &amp; conformit\u00e9<\/option><option value=\"HSE (Hygi\u00e8ne, S\u00e9curit\u00e9, Environnement)\">HSE (Hygi\u00e8ne, S\u00e9curit\u00e9, Environnement)<\/option><option value=\"Management de la qualit\u00e9 (ISO 9001)\">Management de la qualit\u00e9 (ISO 9001)<\/option><option value=\"S\u00e9curit\u00e9 incendie\">S\u00e9curit\u00e9 incendie<\/option><option value=\"\u00c9lectricit\u00e9 &amp; instrumentation\">\u00c9lectricit\u00e9 &amp; instrumentation<\/option><option value=\"Autre\">Autre<\/option><\/select><\/span>\n\t<\/p>\n\n <!-- Optionnel : si 'Autre' -->\n\t<p><span class=\"wpcf7-form-control-wrap\" data-name=\"your-expertise-other\"><input size=\"40\" maxlength=\"400\" class=\"wpcf7-form-control wpcf7-text\" aria-invalid=\"false\" placeholder=\"Si \u00ab Autre \u00bb, pr\u00e9cisez votre domaine\" value=\"\" type=\"text\" name=\"your-expertise-other\" \/><\/span>\n\t<\/p>\n\n <!-- CV \u00e0 joindre -->\n\t<p><br \/>\n<label for=\"your-cv\">Joindre votre CV (formats : PDF, DOC, DOCX | Max : 10MB)<\/label>\n\t<\/p>\n\t<p><span class=\"wpcf7-form-control-wrap\" data-name=\"your-cv\"><input size=\"40\" class=\"wpcf7-form-control wpcf7-file wpcf7-validates-as-required\" accept=\".pdf,.doc,.docx\" aria-required=\"true\" aria-invalid=\"false\" type=\"file\" name=\"your-cv\" \/><\/span>\n\t<\/p>\n\t<p><span class=\"wpcf7-form-control-wrap\" data-name=\"your-message\"><textarea cols=\"40\" rows=\"10\" maxlength=\"2000\" class=\"wpcf7-form-control wpcf7-textarea\" aria-invalid=\"false\" placeholder=\"Ex : R\u00e9sumez votre parcours professionnel et vos comp\u00e9tences principales\u2026\" name=\"your-message\"><\/textarea><\/span>\n\t<\/p>\n\t<p><input class=\"wpcf7-form-control wpcf7-submit has-spinner\" type=\"submit\" value=\"Envoyer\" \/>\n\t<\/p>\n<\/div><div class=\"wpcf7-response-output\" aria-hidden=\"true\"><\/div>\n<\/form>\n<\/div>\n\t\t<\/div><!-- close .boosted-elements-progression-contact-form-container -->\n\t\t\n\t\t\t\t\t<\/div>\n\t\t\t\t<\/div>\n\t\t\t\t\t<\/div>\n\t\t<\/div>\n\t\t\t\t<div class=\"elementor-column elementor-col-50 elementor-top-column elementor-element elementor-element-f7ac762\" data-id=\"f7ac762\" data-element_type=\"column\">\n\t\t\t<div class=\"elementor-widget-wrap elementor-element-populated\">\n\t\t\t\t\t\t<div class=\"elementor-element elementor-element-8aa83a7 elementor-widget elementor-widget-heading\" data-id=\"8aa83a7\" data-element_type=\"widget\" data-widget_type=\"heading.default\">\n\t\t\t\t\t<h2 class=\"elementor-heading-title elementor-size-default\">Envie de rejoindre l\u2019aventure ?<\/h2>\t\t\t\t<\/div>\n\t\t\t\t<div class=\"elementor-element elementor-element-82d979f elementor-widget elementor-widget-text-editor\" data-id=\"82d979f\" data-element_type=\"widget\" data-widget_type=\"text-editor.default\">\n\t\t\t\t\t\t\t\t\t<article class=\"text-token-text-primary w-full focus:outline-none scroll-mt-[calc(var(--header-height)+min(200px,max(70px,20svh)))]\" dir=\"auto\" tabindex=\"-1\" data-testid=\"conversation-turn-72\" data-scroll-anchor=\"true\" data-turn=\"assistant\"><div class=\"text-base my-auto mx-auto pb-10 [--thread-content-margin:--spacing(4)] @[37rem]:[--thread-content-margin:--spacing(6)] @[72rem]:[--thread-content-margin:--spacing(16)] px-(--thread-content-margin)\"><div class=\"[--thread-content-max-width:32rem] @[34rem]:[--thread-content-max-width:40rem] @[64rem]:[--thread-content-max-width:48rem] mx-auto max-w-(--thread-content-max-width) flex-1 group\/turn-messages focus-visible:outline-hidden relative flex w-full min-w-0 flex-col agent-turn\" tabindex=\"-1\"><div class=\"flex max-w-full flex-col grow\"><div class=\"min-h-8 text-message relative flex w-full flex-col items-end gap-2 text-start break-words whitespace-normal [.text-message+&amp;]:mt-5\" dir=\"auto\" data-message-author-role=\"assistant\" data-message-id=\"d5f1b0a5-c21a-41d6-84fd-6d1c2b4f2b8b\" data-message-model-slug=\"gpt-4o\"><div class=\"flex w-full flex-col gap-1 empty:hidden first:pt-[3px]\"><div class=\"markdown prose dark:prose-invert w-full break-words light\"><p data-start=\"0\" data-end=\"102\" data-is-last-node=\"\" data-is-only-node=\"\">Notre \u00e9quipe RH est \u00e0 votre \u00e9coute pour r\u00e9pondre \u00e0 vos questions, vous accompagner dans votre candidature et vous guider dans chaque \u00e9tape avec professionnalisme et bienveillance.<\/p><\/div><\/div><\/div><\/div><\/div><\/div><\/article>\t\t\t\t\t\t\t\t<\/div>\n\t\t\t\t<div class=\"elementor-element elementor-element-51b316b elementor-widget elementor-widget-heading\" data-id=\"51b316b\" data-element_type=\"widget\" data-widget_type=\"heading.default\">\n\t\t\t\t\t<h2 class=\"elementor-heading-title elementor-size-default\">24\/7<\/h2>\t\t\t\t<\/div>\n\t\t\t\t<div class=\"elementor-element elementor-element-7754454 elementor-widget elementor-widget-text-editor\" data-id=\"7754454\" data-element_type=\"widget\" data-widget_type=\"text-editor.default\">\n\t\t\t\t\t\t\t\t\t<p>Nous sommes l\u00e0 24\/7 pour vous accompagner rapidement et efficacement dans votre parcours professionnel.<\/p>\t\t\t\t\t\t\t\t<\/div>\n\t\t\t\t<div class=\"elementor-element elementor-element-c9b63fd elementor-widget elementor-widget-heading\" data-id=\"c9b63fd\" data-element_type=\"widget\" data-widget_type=\"heading.default\">\n\t\t\t\t\t<h5 class=\"elementor-heading-title elementor-size-default\">disponible 24 heures sur 24 par WhatsApp<\/h5>\t\t\t\t<\/div>\n\t\t\t\t<div class=\"elementor-element elementor-element-5751de4 elementor-widget elementor-widget-html\" data-id=\"5751de4\" data-element_type=\"widget\" data-widget_type=\"html.default\">\n\t\t\t\t\t<i class=\"fab fa-whatsapp\" style=\"font-size:28px;vertical-align:middle;color:#25D366;\"><\/i>\r\n<span style=\"font-size:28px;vertical-align:middle;margin-left:8px;\">\r\n  (+216) 27 56 52 50\r\n<\/span>\r\n\t\t\t\t<\/div>\n\t\t\t\t\t<\/div>\n\t\t<\/div>\n\t\t\t\t\t<\/div>\n\t\t<\/section>\n\t\t<div class=\"elementor-element elementor-element-f32ee5d e-flex e-con-boxed wpr-particle-no wpr-jarallax-no wpr-parallax-no wpr-sticky-section-no e-con e-parent\" data-id=\"f32ee5d\" data-element_type=\"container\">\n\t\t\t\t\t<div class=\"e-con-inner\">\n\t\t\t\t\t<\/div>\n\t\t\t\t<\/div>\n\t\t\t\t<\/div>\n\t\t","protected":false},"excerpt":{"rendered":"<p>Rejoignez notre \u00e9quipe de formateurs Construisez plus qu\u2019un m\u00e9tier. B\u00e2tissez un impact. Chez Salima Group, nous croyons que notre force r\u00e9side dans nos talents. Int\u00e9grer notre \u00e9quipe, c\u2019est participer \u00e0 une aventure humaine o\u00f9 l\u2019excellence, l\u2019innovation et l\u2019engagement sont au c\u0153ur de chaque mission. Nous recherchons des professionnels passionn\u00e9s, anim\u00e9s par la volont\u00e9 de contribuer au changement, de cr\u00e9er de la valeur et de faireprogresser nos projets vers l\u2019excellence.\u00a0 Si vous aspirez \u00e0 \u00e9voluer dans un environnement stimulant, o\u00f9 chaque comp\u00e9tence est valoris\u00e9e et chaque id\u00e9e compte, Salima Group est fait pour vous. Ensemble, construisons l\u2019avenir de la performance durable. postuler Rejoignez-nous d\u00e8s aujourd\u2019hui Aucun talent n\u2019est trop petit pour grandir avec nous. S\u00e9lectionnez votre domaine d\u2019expertiseFormation professionnelleS\u00e9curit\u00e9 &amp; \u00c9tudes TechniquesEnvironnementConseil &amp; Consulting\u00c9tablissements class\u00e9sIng\u00e9nierie de s\u00e9curit\u00e9\u00c9quipements de s\u00e9curit\u00e9Audit &amp; conformit\u00e9HSE (Hygi\u00e8ne, S\u00e9curit\u00e9, Environnement)Management de la qualit\u00e9 (ISO 9001)S\u00e9curit\u00e9 incendie\u00c9lectricit\u00e9 &amp; instrumentationAutre Joindre votre CV (formats : PDF, DOC, DOCX | Max : 10MB) Envie de rejoindre l\u2019aventure ? Notre \u00e9quipe RH est \u00e0 votre \u00e9coute pour r\u00e9pondre \u00e0 vos questions, vous accompagner dans votre candidature et vous guider dans chaque \u00e9tape avec professionnalisme et bienveillance. 24\/7 Nous sommes l\u00e0 24\/7 pour vous accompagner rapidement et efficacement dans votre parcours professionnel. disponible 24 heures sur 24 par WhatsApp (+216) 27 56 52 50<\/p>\n","protected":false},"author":1,"featured_media":0,"parent":0,"menu_order":0,"comment_status":"closed","ping_status":"closed","template":"","meta":{"_monsterinsights_skip_tracking":false,"_monsterinsights_sitenote_active":false,"_monsterinsights_sitenote_note":"","_monsterinsights_sitenote_category":0,"footnotes":""},"class_list":["post-428","page","type-page","status-publish","hentry"],"aioseo_notices":[],"_links":{"self":[{"href":"https:\/\/salimagroup.com\/index.php\/wp-json\/wp\/v2\/pages\/428","targetHints":{"allow":["GET"]}}],"collection":[{"href":"https:\/\/salimagroup.com\/index.php\/wp-json\/wp\/v2\/pages"}],"about":[{"href":"https:\/\/salimagroup.com\/index.php\/wp-json\/wp\/v2\/types\/page"}],"author":[{"embeddable":true,"href":"https:\/\/salimagroup.com\/index.php\/wp-json\/wp\/v2\/users\/1"}],"replies":[{"embeddable":true,"href":"https:\/\/salimagroup.com\/index.php\/wp-json\/wp\/v2\/comments?post=428"}],"version-history":[{"count":44,"href":"https:\/\/salimagroup.com\/index.php\/wp-json\/wp\/v2\/pages\/428\/revisions"}],"predecessor-version":[{"id":1139,"href":"https:\/\/salimagroup.com\/index.php\/wp-json\/wp\/v2\/pages\/428\/revisions\/1139"}],"wp:attachment":[{"href":"https:\/\/salimagroup.com\/index.php\/wp-json\/wp\/v2\/media?parent=428"}],"curies":[{"name":"wp","href":"https:\/\/api.w.org\/{rel}","templated":true}]}}